{"id":21,"date":"2011-02-09T11:49:49","date_gmt":"2011-02-09T10:49:49","guid":{"rendered":"http:\/\/www.ub-comm.de\/?page_id=21"},"modified":"2023-11-06T18:41:22","modified_gmt":"2023-11-06T17:41:22","slug":"impressum-imprint","status":"publish","type":"page","link":"https:\/\/www.ub-comm.de\/?page_id=21","title":{"rendered":"Impressum | Datenschutz"},"content":{"rendered":"<p><strong>IMPRESSUM:<\/strong><\/p>\n<p><strong>Angaben gem\u00e4\u00df \u00a7 5 TMG<\/strong><br \/>\nUta Bretsch<br \/>\nBeethovenstra\u00dfe 15<br \/>\nD-50674 K\u00f6ln<\/p>\n<p><span style=\"line-height: 24px;\"><strong>Vertreten durch:<\/strong><br \/>\nUta Bretsch<\/span><\/p>\n<p><strong>Kontakt:<\/strong><br \/>\n<span style=\"color: #444444;\">Tel: +49\/(0)221 \u2013 420 44 62<br \/>\nE-Mail:\u00a0uta[at]ubcomm.de<\/span><\/p>\n<p><strong>Umsatzsteuer-ID:<\/strong><br \/>\nUmsatzsteuer-Identifikationsnummer gem\u00e4\u00df \u00a727a Umsatzsteuergesetz: DE233176818<\/p>\n<div>\n<p><strong>Verantwortlich f\u00fcr den Inhalt nach \u00a7 55 Abs. 2 RStV:<br \/>\n<\/strong>Uta Bretsch<br \/>\nBeethovenstra\u00dfe 15<br \/>\nD-50674 K\u00f6ln<\/p>\n<p>Der Nutzung von im Rahmen der Impressumspflicht ver\u00f6ffentlichten Kontaktdaten durch Dritte zur \u00dcbersendung von nicht ausdr\u00fccklich angeforderter Werbung und Informationsmaterialien wird hiermit ausdr\u00fccklich widersprochen. Die Betreiber der Seiten behalten sich ausdr\u00fccklich rechtliche Schritte im Falle der unverlangten Zusendung von Werbeinformationen, etwa durch Spam-Mails, vor.<\/p>\n<\/div>\n<p><strong>Haftungsausschluss:<\/strong><\/p>\n<p><strong>Haftung f\u00fcr Inhalte<br \/>\n<\/strong>Die Inhalte unserer Seiten wurden mit gr\u00f6\u00dfter Sorgfalt erstellt. F\u00fcr die Richtigkeit, Vollst\u00e4ndigkeit und Aktualit\u00e4t der Inhalte k\u00f6nnen wir jedoch keine Gew\u00e4hr \u00fcbernehmen. Als Diensteanbieter sind wir gem\u00e4\u00df \u00a7 7 Abs.1 TMG f\u00fcr eigene Inhalte auf diesen Seiten nach den allgemeinen Gesetzen verantwortlich. Nach \u00a7\u00a7 8 bis 10 TMG sind wir als Diensteanbieter jedoch nicht verpflichtet, \u00fcbermittelte oder gespeicherte fremde Informationen zu \u00fcberwachen oder nach Umst\u00e4nden zu forschen, die auf eine rechtswidrige T\u00e4tigkeit hinweisen. Verpflichtungen zur Entfernung oder Sperrung der Nutzung von Informationen nach den allgemeinen Gesetzen bleiben hiervon unber\u00fchrt. Eine diesbez\u00fcgliche Haftung ist jedoch erst ab dem Zeitpunkt der Kenntnis einer konkreten Rechtsverletzung m\u00f6glich. Bei Bekanntwerden von entsprechenden Rechtsverletzungen werden wir diese Inhalte umgehend entfernen.<\/p>\n<p><strong>Haftung f\u00fcr Links <\/strong><br \/>\nUnser Angebot enth\u00e4lt Links zu externen Websites Dritter, auf deren Inhalte wir keinen Einfluss haben. Deshalb k\u00f6nnen wir f\u00fcr diese fremden Inhalte auch keine Gew\u00e4hr \u00fcbernehmen. F\u00fcr die Inhalte der verlinkten Seiten ist stets der jeweilige Anbieter oder Betreiber der Seiten verantwortlich. Die verlinkten Seiten wurden zum Zeitpunkt der Verlinkung auf m\u00f6gliche Rechtsverst\u00f6\u00dfe \u00fcberpr\u00fcft. Rechtswidrige Inhalte waren zum Zeitpunkt der Verlinkung nicht erkennbar. Eine permanente inhaltliche Kontrolle der verlinkten Seiten ist jedoch ohne konkrete Anhaltspunkte einer Rechtsverletzung nicht zumutbar. Bei Bekanntwerden von Rechtsverletzungen werden wir derartige Links umgehend entfernen.<\/p>\n<p><strong>Urheberrecht<\/strong><br \/>\nDie durch die Seitenbetreiber erstellten Inhalte und Werke auf diesen Seiten unterliegen dem deutschen Urheberrecht. Die Vervielf\u00e4ltigung, Bearbeitung, Verbreitung und jede Art der Verwertung au\u00dferhalb der Grenzen des Urheberrechtes bed\u00fcrfen der schriftlichen Zustimmung des jeweiligen Autors bzw. Erstellers. Downloads und Kopien dieser Seite sind nur f\u00fcr den privaten, nicht kommerziellen Gebrauch gestattet. Soweit die Inhalte auf dieser Seite nicht vom Betreiber erstellt wurden, werden die Urheberrechte Dritter beachtet. Insbesondere werden Inhalte Dritter als solche gekennzeichnet. Sollten Sie trotzdem auf eine Urheberrechtsverletzung aufmerksam werden, bitten wir um einen entsprechenden Hinweis. Bei Bekanntwerden von Rechtsverletzungen werden wir derartige Inhalte umgehend entfernen.<\/p>\n<p><strong>DATENSCHUTZ:<\/strong><br \/>\nVerantwortlich im Sinne der Datenschutzgesetze, insbesondere der DSGVO ist:<\/p>\n<p>Uta Bretsch_Communications<br \/>\nVerantwortlich: Uta Bretsch<br \/>\nBeethovenstra\u00dfe 15<br \/>\n50674 K\u00f6ln<br \/>\nDeutschland<br \/>\nTel: 0221 4204462<br \/>\nE-Mail: mailto:uta@ub-comm.de<br \/>\nInternet: <a href=\"http:\/\/www.ub-comm.de\" target=\"_blank\" rel=\"noopener\">www.ub-comm.de<\/a><\/p>\n<p><strong>Allgemeine Hinweise:<\/strong><br \/>\nDiese Seite gibt Ihnen einen \u00dcberblick dar\u00fcber, was mit Ihren personenbezogenen Daten passiert, wenn Sie unsere Website besuchen. Personenbezogene Daten sind Daten, mit denen Sie pers\u00f6nlich identifiziert werden k\u00f6nnen.<\/p>\n<p>Personenbezogene Daten werden von dieser Seite nur dann erhoben, genutzt und \/ oder weiter gegeben, wenn Sie in die Datenerhebung eingewilligt haben oder dies gesetzlich erlaubt ist.<\/p>\n<p><strong>Logfiles:<\/strong><br \/>\nBeim Aufruf unserer Website <a href=\"http:\/\/www.ub-comm.de\" target=\"_blank\" rel=\"noopener\">www.ub-comm.de<\/a> werden durch den auf Ihrem Endger\u00e4t zum Einsatz kommenden Browser automatisch Informationen an den Server unserer Website gesendet. Diese Informationen werden tempor\u00e4r in einem sogenannten Logfile gespeichert.<\/p>\n<p>Folgende Informationen werden dabei erfasst und bis zur automatisierten L\u00f6schung gespeichert, um die Optimierung und Sicherheit unseres Systems zu gew\u00e4hrleisten: Datum, Uhrzeit, Verweildauer, IP-Adresse, Fehlercodes, aufgerufene Dateien und Verzeichnisse sowie Browsertyp und Betriebssystem des Websitebesuchers.<\/p>\n<p>Diese gespeicherten Daten ordnen wir nicht ohne triftige Gr\u00fcnde (z.B.: Angriffsversuche, sonstiger grober Unfug) einer bestimmten Person zu und sie werden auch nicht ohne triftigen Grund an Dritte wie z.B. die Strafverfolgungsbeh\u00f6rden weitergereicht.<\/p>\n<p>Eine Zusammenf\u00fchrung dieser Daten mit anderen Datenquellen wird nicht vorgenommen, wir werten die Daten ohne die oben genannten Gr\u00fcnde nicht aus; dar\u00fcber hinaus werden die Daten nach einer Frist von 93 Tagen automatisch von unserem Webhoster gel\u00f6scht.<\/p>\n<p><strong>Cookies:<\/strong><br \/>\nDiese Website verwendet Borlabs Cookie, das ein technisch notwendiges Cookie (<em>borlabs-cookie<\/em>) setzt, um Ihre Cookie-Einwilligungen zu speichern.<\/p>\n<p>Im Cookie\u00a0<em>borlabs-cookie<\/em>\u00a0werden folgende Informationen gespeichert:<\/p>\n<ul>\n<li>Cookie Laufzeit<\/li>\n<li>Cookie Version<\/li>\n<li>Domain und Pfad der WordPress Website<\/li>\n<li>Einwilligungen<\/li>\n<li>UID<\/li>\n<\/ul>\n<p>Die UID ist eine per Zufall generierte ID und keine personenbezogene Information.<\/p>\n<p>Im Cookie\u00a0<em>borlabs-cookie<\/em>\u00a0werden Ihre Einwilligungen gespeichert, die Sie beim Betreten der Website gegeben haben. M\u00f6chten Sie diese Einwilligungen widerrufen, l\u00f6schen Sie einfach das Cookie in Ihrem Browser. Wenn Sie die Website neu betreten\/neu laden, werden Sie erneut nach Ihrer Cookie-Einwilligung gefragt.<\/p>\n<p><strong>Einbettung von Medien in die Website (Video- und Audiofiles):<\/strong><br \/>\nWir nutzen per Einbettung Inhalte Dritter, wie zum Beispiel Videos von YouTube und Vimeo oder Audiostreams von Soundcloud oder Bandcamp. Die Nutzung von Inhalten dieser und m\u00f6glicher weiterer Anbieter erfolgt im Interesse einer ansprechenden Darstellung unseres Online-Angebots.<\/p>\n<p>Diese Anbieter k\u00f6nnen w\u00e4hrend Ihres Besuchs und \/ oder bei Anklicken eines Videos oder Soundfiles in den einzelnen Beitr\u00e4gen auf dieser Website Daten wie Cookies, IP-Adressen und weitere Informationen von Ihnen erheben. Einsicht in die Datenrichtlinien der genannten und anderer Dritt-Firmen erhalten Sie auf den Websites der jeweiligen Unternehmen:<\/p>\n<p>Youtube: YouTube LLC, 901 Cherry Ave., San Bruno, CA 94066, USA<br \/>\nVimeo: Vimeo, Inc., 555 West 18th Street, New York, New York 10011, USA<br \/>\nSoundcloud: SoundCloud Limited, Rheinsberger Stra\u00dfe 76\/77, 10115 Berlin, Deutschland<br \/>\nBandcamp: Bandcamp, 178 Castro Street San Francisco, CA 94114, USA<\/p>\n<p>Videos von Youtube betten wir ausschlie\u00dflich \u00fcber die Funktion \u201eErweiterten Datenschutzmodus aktivieren\u201c auf unserer Website ein (weitere Informationen zu dieser Funktion finden Sie auf der Website von google): <a href=\"https:\/\/support.google.com\/youtube\/answer\/171780?hl=de\" target=\"_blank\" rel=\"noopener\">https:\/\/support.google.com\/youtube\/answer\/171780?hl=de<\/a>.<\/p>\n<p><strong>Statistik \/ Analyseverfahren:<\/strong><br \/>\nWir verwenden weder Google Analytics noch andere, \u00e4hnliche Verfahren zur statistischen Auswertung dieser Website.<\/p>\n<p><strong>Facebook:<\/strong><br \/>\nUnsere Facebookseite, auf der wir Informationen zu aktuellen Pressekampagnen bereitstellen, k\u00f6nnen Sie bei Interesse \u00fcber den in die Startseite integrierten Button \u201eFind Us On Facebook\u201c aufsuchen. Wenn Sie auf den Button klicken, verlassen Sie das Angebot von <a href=\"http:\/\/www.ub-comm.de\" target=\"_blank\" rel=\"noopener\">www.ub-comm.de<\/a>. Facebook oder Dritte k\u00f6nnten ab diesem Punkt Daten erheben. Uta Bretsch_Communications greift f\u00fcr ihre Facebookseite auf die technische Plattform und die Dienste der Facebook Ireland Ltd., 4 Grand Canal Square, Grand Canal Harbour, Dublin 2, Irland zur\u00fcck.<\/p>\n<p>Wir weisen Sie darauf hin, dass Sie unsere Facebook-Seite und ihre Funktionen in eigener Verantwortung nutzen. Dies gilt insbesondere f\u00fcr die Nutzung der interaktiven Funktionen (z.B. Kommentieren, Teilen, Bewerten). Beim Besuch unserer Facebook-Seite erfasst Facebook u.a Ihre IP-Adresse sowie weitere Informationen, die in Form von Cookies auf Ihrem PC vorhanden sind. Diese Informationen werden verwendet, um uns als Betreiber der Facebook-Seiten statistische Informationen \u00fcber die Inanspruchnahme der Facebook-Seite zur Verf\u00fcgung zu stellen. N\u00e4here Informationen hierzu stellt Facebook unter folgendem Link zur Verf\u00fcgung: <a href=\"http:\/\/de-de.facebook.com\/help\/pages\/insights\" target=\"_blank\" rel=\"noopener\">http:\/\/de-de.facebook.com\/help\/pages\/insights<\/a>.<\/p>\n<p>Die in diesem Zusammenhang \u00fcber Sie erhobenen Daten werden von der Facebook Ltd. verarbeitet und dabei gegebenenfalls in L\u00e4nder au\u00dferhalb der Europ\u00e4ischen Union \u00fcbertragen. Welche Informationen Facebook erh\u00e4lt und wie diese verwendet werden, beschreibt Facebook in allgemeiner Form in seinen Datenverwendungsrichtlinien. Dort finden Sie auch Informationen \u00fcber Kontaktm\u00f6glichkeiten zu Facebook sowie zu den Einstellm\u00f6glichkeiten f\u00fcr Werbeanzeigen. Die Datenverwendungsrichtlinien sind unter folgendem Link verf\u00fcgbar: <a href=\"http:\/\/de-de.facebook.com\/about\/privacy\" target=\"_blank\" rel=\"noopener\">http:\/\/de-de.facebook.com\/about\/privacy<\/a>. Die vollst\u00e4ndigen Datenrichtlinien von Facebook finden Sie hier: <a href=\"https:\/\/de-de.facebook.com\/full_data_use_policy\" target=\"_blank\" rel=\"noopener\">https:\/\/de-de.facebook.com\/full_data_use_policy<\/a>.<\/p>\n<p>In welcher Weise Facebook die Daten aus dem Besuch von Facebook-Seiten f\u00fcr eigene Zwecke verwendet, in welchem Umfang Aktivit\u00e4ten auf der Facebook-Seite einzelnen Nutzern zugeordnet werden, wie lange Facebook diese Daten speichert und ob Daten aus einem Besuch der Facebook-Seite an Dritte weitergegeben werden, wird von Facebook nicht abschlie\u00dfend und klar benannt und ist uns nicht bekannt. Beim Zugriff auf eine Facebook-Seite wird die Ihrem Endger\u00e4te zugeteilte IP-Adresse an Facebook \u00fcbermittelt. Nach Auskunft von Facebook wird diese IP-Adresse anonymisiert (bei \u201edeutschen&#8220; IP-Adressen) und nach 90 Tagen gel\u00f6scht. Facebook speichert dar\u00fcber hinaus Informationen \u00fcber die Endger\u00e4te seiner Nutzer (z.B. im Rahmen der Funktion \u201eAnmeldebenachrichtigung\u201c); gegebenenfalls ist Facebook damit eine Zuordnung von IP-Adressen zu einzelnen Nutzern m\u00f6glich. Wenn Sie als Nutzerin oder Nutzer aktuell bei Facebook angemeldet sind, befindet sich auf Ihrem Endger\u00e4t ein Cookie mit Ihrer Facebook-Kennung. Dadurch ist Facebook in der Lage nachzuvollziehen, dass Sie unsere Seite aufgesucht und wie Sie sie genutzt haben. Dies gilt auch f\u00fcr alle anderen Facebook-Seiten. \u00dcber in Webseiten eingebundene Facebook-Buttons ist es Facebook m\u00f6glich, Ihre Besuche auf diesen Webseiten zu erfassen und Ihrem Facebook-Profil zuzuordnen. Anhand dieser Daten k\u00f6nnen Inhalte oder Werbung auf Sie zugeschnitten angeboten werden.<\/p>\n<p>Wenn Sie dies vermeiden m\u00f6chten, sollten Sie sich bei Facebook abmelden bzw. die Funktion \u201eangemeldet bleiben&#8220; deaktivieren, die auf Ihrem Ger\u00e4t vorhandenen Cookies l\u00f6schen und Ihren Browser beenden und neu starten. Auf diese Weise werden Facebook-Informationen, \u00fcber die Sie unmittelbar identifiziert werden k\u00f6nnen, gel\u00f6scht. Damit k\u00f6nnen Sie unsere Facebook-Seite nutzen, ohne dass Ihre Facebook-Kennung offenbart wird. Wenn Sie auf interaktive Funktionen der Seite zugreifen (Gef\u00e4llt mir, Kommentieren, Teilen, Nachrichten etc.), erscheint eine Facebook-Anmeldemaske. Nach einer etwaigen Anmeldung sind Sie f\u00fcr Facebook erneut als bestimmte\/r Nutzerin\/Nutzer erkennbar.<\/p>\n<p>Informationen dazu, wie Sie \u00fcber Sie vorhandene Informationen verwalten oder l\u00f6schen k\u00f6nnen, finden Sie auf folgenden Facebook Support-Seiten: <a href=\"https:\/\/de-de.facebook.com\/about\/privacy#\" target=\"_blank\" rel=\"noopener\">https:\/\/de-de.facebook.com\/about\/privacy#<\/a><\/p>\n<p>Uta Bretsch_Communications erhebt und verarbeitet keine Daten aus Ihrer Nutzung unseres Dienstes auf Facebook. Wir nutzen unsere Facebook-Seite ausschlie\u00dflich, um Informationen \u00fcber die von uns vertretenen K\u00fcnstler bereitzustellen. Bei Fragen zu unserem Informationsangebot k\u00f6nnen Sie uns unter den oben angegebenen Kontaktdaten erreichen.<\/p>\n<p><strong>Links:<\/strong><br \/>\nUnser Online-Angebot enth\u00e4lt Links zu anderen Websites. Wir haben keinen Einfluss darauf, in welcher Form und wie angemessen deren Betreiber die Datenschutzbestimmungen einhalten.<\/p>\n<p><strong>E-Mail-Kontakt:<\/strong><br \/>\nWir benutzen keine Kontaktformulare auf dieser Website. Wenn Sie uns eine E-Mail schicken m\u00f6chten, k\u00f6nnen Sie diese an [obfuscate_email email=&#8220;uta@ub-comm.de&#8220; link=true] senden. Bei der Kontaktaufnahme mit uns \u00fcber eine E-Mail werden Angaben zur Bearbeitung Ihrer Anfrage sowie f\u00fcr den Fall, dass Anschlussfragen entstehen, gespeichert.<\/p>\n<p><strong>Auskunftsrecht, \u00c4nderungen, Widerruf und Berichtigungen:<\/strong><br \/>\nSie haben das Recht auf unentgeltliche Auskunft \u00fcber die personenbezogenen Daten, die \u00fcber Sie gespeichert wurden. Zus\u00e4tzlich haben Sie das Recht auf Berichtigung unrichtiger Daten, Sperrung und L\u00f6schung Ihrer personenbezogenen Daten, soweit dem keine gesetzliche Aufbewahrungspflicht entgegensteht, und ein Beschwerderecht bei der f\u00fcr Sie zust\u00e4ndigen Datenschutzaufsichtsbeh\u00f6rde Ihres Bundeslandes.<\/p>\n<p><strong>Technische und organisatorische Ma\u00dfnahmen:<\/strong><br \/>\nDiese Website nutzt eine SSL-Verschl\u00fcsselung und wir sorgen \u00fcber regelm\u00e4\u00dfige Updates daf\u00fcr, dass sie auf dem technisch jeweils neuesten Stand ist.<\/p>\n<p>Trotz gr\u00f6\u00dftm\u00f6glicher Sorgfalt weisen wir allerdings ganz generell darauf hin, dass die Daten\u00fcbertragung im Internet Sicherheitsl\u00fccken aufweisen kann. Ein absolut l\u00fcckenloser Schutz der Daten vor dem Zugriff durch Dritte ist nicht m\u00f6glich.<\/p>\n<p><strong>Aktualisierungen:<\/strong><br \/>\nWir behalten uns vor, diese Datenschutzerkl\u00e4rung anzupassen, sollten es technische Weiterentwicklungen und \/ oder Verordnungen und Gesetze n\u00f6tig machen.<\/p>\n","protected":false},"excerpt":{"rendered":"<p>IMPRESSUM: Angaben gem\u00e4\u00df \u00a7 5 TMG Uta Bretsch Beethovenstra\u00dfe 15 D-50674 K\u00f6ln Vertreten durch: Uta Bretsch Kontakt: Tel: +49\/(0)221 \u2013 420 44 62 E-Mail:\u00a0uta[at]ubcomm.de Umsatzsteuer-ID: Umsatzsteuer-Identifikationsnummer gem\u00e4\u00df \u00a727a Umsatzsteuergesetz: DE233176818 Verantwortlich f\u00fcr den Inhalt nach \u00a7 55 Abs. 2 RStV: Uta Bretsch Beethovenstra\u00dfe 15 D-50674 K\u00f6ln Der Nutzung von im Rahmen der Impressumspflicht ver\u00f6ffentlichten Kontaktdaten durch Dritte zur \u00dcbersendung von nicht ausdr\u00fccklich angeforderter Werbung und Informationsmaterialien wird hiermit ausdr\u00fccklich widersprochen. &hellip; <a href=\"https:\/\/www.ub-comm.de\/?page_id=21\">Weiterlesen <span class=\"meta-nav\">&rarr;<\/span><\/a><\/p>\n","protected":false},"author":5,"featured_media":0,"parent":0,"menu_order":4,"comment_status":"closed","ping_status":"closed","template":"","meta":{"footnotes":""},"class_list":["post-21","page","type-page","status-publish","hentry"],"_links":{"self":[{"href":"https:\/\/www.ub-comm.de\/index.php?rest_route=\/wp\/v2\/pages\/21","targetHints":{"allow":["GET"]}}],"collection":[{"href":"https:\/\/www.ub-comm.de\/index.php?rest_route=\/wp\/v2\/pages"}],"about":[{"href":"https:\/\/www.ub-comm.de\/index.php?rest_route=\/wp\/v2\/types\/page"}],"author":[{"embeddable":true,"href":"https:\/\/www.ub-comm.de\/index.php?rest_route=\/wp\/v2\/users\/5"}],"replies":[{"embeddable":true,"href":"https:\/\/www.ub-comm.de\/index.php?rest_route=%2Fwp%2Fv2%2Fcomments&post=21"}],"version-history":[{"count":0,"href":"https:\/\/www.ub-comm.de\/index.php?rest_route=\/wp\/v2\/pages\/21\/revisions"}],"wp:attachment":[{"href":"https:\/\/www.ub-comm.de\/index.php?rest_route=%2Fwp%2Fv2%2Fmedia&parent=21"}],"curies":[{"name":"wp","href":"https:\/\/api.w.org\/{rel}","templated":true}]}}